 2*b = -48510, 0 = 4*k - b - 14673 - 33840. Suppose 3*a - 7288 = 5*f, -f = -9*a + 14*a - k. Is a prime?
False
Suppose 0*n = n + 7. Let j be -2 - (n + 3) - -2. Suppose j*k - 789 = k. Is k a composite number?
False
Suppose 4*q = -4*z, 7*q - 3*q - z - 20 = 0. Suppose 2*d = -3*c + 287, -4*d = -c + 123 - q. Let l = c + -64. Is l prime?
False
Let v(i) = -i**3 - 5*i**2 + 5*i - 3. Let r be v(-6). Suppose 4*h - 5*l - 21 = -8, -r*l = 4*h - 37. Is h prime?
True
Let n = -45 + 2282. Is n a composite number?
False
Suppose 0 = 5*z + 10 + 5. Is ((-6)/12)/(z/1518) a prime number?
False
Let l = 5 + -5. Suppose l = 3*m - 2172 - 1575. Is m composite?
False
Suppose -5438 + 13028 = 3*n. Suppose -5*d + n = -2*b, 2*d - b = d + 503. Is d/6*(-6)/(-4) a composite number?
False
Let g = -17 + 20. Suppose -g - 1 = -2*y. Suppose -60 - 194 = -y*a. Is a prime?
True
Suppose 2*f - x - 5926 = 0, -21*f + 5*x - 8915 = -24*f. Is f prime?
False
Let s be (-3 - -7)*3/4. Suppose -n = -s*d - 201, -3*n - 4*d + 616 = -0*d. Suppose -131 = -5*h + n. Is h a composite number?
False
Suppose -6*l + 65896 = 7228. Is l composite?
True
Let f(n) = 3*n**2 - n + 1. Let l be f(1). Suppose 2*i - 19 = 4*c - 109, -5*c = l*i - 118. Is c a composite number?
False
Is (-8626)/(-18) - (-26)/(-117) a composite number?
False
Let a(j) = 36*j**2 + j - 3. Let u(o) = 2*o - 6. Let k be u(0). Let t be a(k). Suppose -g + 4*v = -4*g + 1919, -5*v = -2*g + t. Is g prime?
True
Let u = 47052 - 26351. Is u composite?
True
Suppose 0 = -4*m - l + 1224, -11*l - 1555 = -5*m - 6*l. Is m prime?
True
Suppose 5*d - 2*t = 361979, -3*d + 217193 = -23*t + 19*t. Is d a prime number?
False
Let n = 34 + 5. Let j = -56 + n. Let q = j - -106. Is q prime?
True
Let b be (1 + (0 - 0))*3. Suppose 4*q - 16 = -b*o, -2*o - 2*q = o - 8. Let i(c) = -c**3 - c**2 - c + 6. Is i(o) composite?
True
Let h = 6759 + -4226. Suppose 0 = -5*m + 15, -4*m + 7*m = -4*n + h. Is n composite?
False
Is (2 - 5)/(39/(-110305)) prime?
False
Suppose 21 = z - 4*z. Let c = -7 - z. Let f(j) = j**2 + j + 106. Is f(c) a composite number?
True
Let h = -26729 + 39684. Is h prime?
False
Let m(w) = -w**2 - 8*w - 7. Let o be m(-5). Let d(c) = 18*c + 5. Let h be d(o). Suppose 0 = -b + 3*b - 3*a - 139, 0 = 2*b - a - h. Is b prime?
False
Let p(x) be the first derivative of -1/3*x**3 - 3 + x**2 - 9/2*x**4 + 3*x. Is p(-2) prime?
True
Let o = 52436 + -29505. Is o a prime number?
False
Suppose -6 = 5*v + 4. Let n(u) = -7*u**3 - 5*u**2 - 4*u + 2. Let x(r) = 6*r**3 + 4*r**2 + 4*r - 1. Let s(w) = -4*n(w) - 5*x(w). Is s(v) a prime number?
False
Suppose x - 4*a = 4309, 4*a = -3*x - 2991 + 15870. Is x a prime number?
True
Let l = -12 + 15. Suppose l*x - 339 = k - 0*k, -2 = -x. Is (k/(-15))/(3/15) composite?
True
Suppose 5*r + 6 = 21. Suppose -2*p + 2*z + r*z + 607 = 0, 0 = -3*p - z + 902. Is p a composite number?
True
Suppose 0 = 4*p + 7963 + 9445. Let x = 6571 + p. Is x a prime number?
False
Let g = 88 + -84. Suppose -g*a - 2*x - 356 = -2014, 0 = 3*a + 3*x - 1248. Is a a prime number?
False
Let i(g) = -589*g**3 + 7*g**2 + 3*g - 3. Let z(h) = 295*h**3 - 4*h**2 - 2*h + 2. Let j(x) = -3*i(x) - 5*z(x). Let k = 4 - 3. Is j(k) composite?
True
Suppose -14*g + 71 = -1007. Is (-9)/21 + 947210/g a prime number?
True
Let p(l) = l**3 + 5*l**2 + 4*l + 5. Let f be p(-4). Suppose -4*g - 3 = f, 0 = -3*u + g + 743. Is u composite?
True
Is (-5 - -1)*-2 - -6855 a prime number?
True
Let o(x) = 90*x**2 - 2*x - 1. Is o(-6) a composite number?
False
Suppose -5 + 29 = i. Let t be 3 + ((-8)/3)/(4/(-30)). Let j = t + i. Is j composite?
False
Suppose 4*y + 4*h = -4, -y + 17 = 3*h - 8*h. Suppose -y*q = 3*w - 2230, 5*w + 0*w = -q + 1101. Is q prime?
False
Let w be (2/(-3))/(4/2274). Let v = w + 630. Is v a composite number?
False
Is (-4 - -34029) + 13/((-104)/(-16)) prime?
False
Let z be (-1540)/4*((-2)/5 + 0). Let a = -72 + z. Is a composite?
True
Is (-6)/120*-28*4535 a prime number?
False
Suppose -30867 = -222*f + 219*f. Is f composite?
False
Let o = -87 + 92. Suppose -o*h = -6 - 189. Is h a composite number?
True
Suppose 2*y - 3*q - 10 = 0, 0 = -2*y - 0*q - q + 2. Suppose 7*b = y*b + 3*u + 233, -5*u + 133 = 3*b. Is b prime?
False
Let k(c) = 2*c**3 - 7*c**2 + c + 13. Let g(s) = 4*s + 10. Let o be g(0). Let t be k(o). Let m = t + -622. Is m a composite number?
False
Let j(b) = 22 - 4*b + 38*b**2 - b + 16*b. Is j(9) a prime number?
False
Suppose 12*y = 8*y - 2*u + 63070, 3*y - 2*u = 47299. Is y a composite number?
False
Is 60/36*(-33645)/(-25) prime?
True
Suppose 4*k + 0*k + 4*g = 7628, 2*g + 9514 = 5*k. Let s = 8309 + k. Is s composite?
True
Let j = -135 - -314. Is j prime?
True
Let q = 104 + -100. Let k(v) = 2*v**3 + 2*v**2 + 2*v + 9. Is k(q) a prime number?
False
Let v(z) = 1041*z - 44. Is v(7) prime?
True
Let t = -2 + 4. Suppose -2*m + b + 2*b - 581 = 0, 2*m + t*b = -566. Let u = -95 - m. Is u composite?
False
Let i(k) = -k + 11. Let o = 4 + 2. Let v be i(o). Suppose 0 = v*b - 507 - 1128. Is b a prime number?
False
Suppose 4*x = -3*f - 6 - 0, -x = -f - 2. Suppose -4*a - 4*l + 86 = -50, -3*l = x. Suppose 0 = -2*j + 96 - a. Is j prime?
True
Let p be 509/6 - 4*6/(-144). Let w = p - -60. Is w a prime number?
False
Let m(y) = -92*y - 9. Let o be m(-7). Suppose -d = -p - 635, d + 0*d - 5*p = o. Is d composite?
True
Suppose 2448 = 6*c - 1722. Is c a prime number?
False
Suppose 1 = -2*r - 17. Let b = -8 - r. Suppose b - 7 = -g. Is g composite?
True
Suppose 7*i + 5*d = 8*i - 1953, d + 3888 = 2*i. Is i a composite number?
True
Is 1420 + 1*(-2 + 5) prime?
True
Suppose -4*i + 2*q + 2558 = 0, 693 = 3*i - 3*q - 1224. Suppose -4*r + 916 = -i. Is r prime?
True
Suppose -k = 2*f + 3*f + 24, 0 = -f - 5. Let n(w) = k + 3*w**2 + 5*w + 3*w**2 - 5*w**2. Is n(6) prime?
True
Let l(y) = 3*y**2 - 4*y - 17. Let q = -34 + 42. Is l(q) composite?
True
Let w = 171643 - 99744. Is w a composite number?
False
Let j be (1 - -2)*(-578)/3. Let i(h) = 4*h**3 + 5*h**2 - 9*h + 1. Let x be i(6). Let a = x + j. Is a a prime number?
False
Let q = -30 + 31. Let i(m) = 380*m - 7. Is i(q) a prime number?
True
Suppose 0 = j + 5*z - 11 - 9, -3*z = -4*j - 12. Suppose j = -3*x - 5*m, 0*m = 5*x - 4*m. Suppose x = -2*v - 2*v + 3*b + 440, b - 4 = 0. Is v prime?
True
Is (-38165049)/(-585) + 2/(-10)*2 composite?
False
Let v be (2/10)/((-2)/(-30)). Suppose -6*z = -v*z - 186. Is z a prime number?
False
Suppose -4*v - 8 = 4*o, 5*v + 12 = o - 5*o. Suppose o*p + 23 = n + 9, 5*n = 2*p + 94. Suppose -4*w + 2*w = -n. Is w a composite number?
True
Suppose 5*l - l - 794 = -p, 4*l = -20. Let z = p + -191. Suppose -12 = -3*a, -2*q - 3*q = -3*a - z. Is q prime?
True
Let r(j) = j**2 - 24*j + 11. Let m be r(12). Let k be (-5 - -3) + 6 + 0. Is (-12)/(-16) - m/k a prime number?
False
Let v be -1 + 3 + -699 + 0. Let x = 168 - v. Is x a prime number?
False
Is ((-14)/(-8))/(9/6444) prime?
False
Suppose 0 = 4*z + 4*f - 16, 0 = z + 2*f - 7 + 2. Suppose 0 = z*s + s + 1980. Let j = -230 - s. Is j composite?
True
Let v be (-22 - -11)*(-1 - 0). Suppose 2*g = 17 - v. Is g a prime number?
True
Suppose -4*u + 139 = l - 82, l = 5*u + 221. Is l a composite number?
True
Let d = 344 - -599. Is d a prime number?
False
Suppose 0 = -3*y + 240 - 9. Suppose -2*q + y + 93 = 0. Is q a composite number?
True
Suppose 5*s - 8 = s. Suppose w - 5*g = -s*g + 9, -2*w - 3*g = -9. Is w/(-4)*1778/(-21) a prime number?
True
Let v be ((-56)/(-21))/(2/(-3)). Is (v/(-16))/((-1)/(-3644)) prime?
True
Suppose -2*h - 62 = -4*u + 28, 4*h - 80 = -5*u. Is 2/((u/(-538))/(-5)) prime?
True
Let h(a) = -2*a**3 - a**2 + 7*a + 2. Let g be h(4). Is g/(0 - 3) - (3 + -4) composite?
True
Let l(n) = -10*n**2 - 3*n - 4. Let z be l(-4). Let a = z + 242. Suppose a = 3*v - 39. Is v composite?
False
Suppose -6 = -2*f + 2*p, 11 - 3 = 2*f - 4*p. Is 112 - (f/3 + (-121)/33) a composite number?
True
Let v = 1323 - 908. Is v composite?
True
Suppose -3*a - 9 = 0, 0 = -4*i - 5*a - 3055 + 23436. Is i a composite number?
False
Let b be 1 - (-2 - (1 - 2)). Let a(u) = -2*u - 35. Let p be a(-19). Is b - (446 - p)*-1 composite?
True
Let o(f) = -54*f**3 - 3*f**2 + f - 6. Let z be o(-2). Suppose 5*c + 4*l - 30 = 0, -2*l = -3*c - 4 - 0. Suppose 2*u + c*u = z. Is u composite?
False
Suppose 3*d + 75 = -69. Let p = 54 + -83. Let u = p - d. Is u a prime number?
T